0 = -d. What is the highest common divisor of 1 and k?
1
Suppose -5*m - 2*x = -198, -136 - 32 = -4*m - 4*x. Calculate the highest common factor of 2 and m.
2
Suppose -d = -0*d - 4*n - 240, -2*n = 5*d - 1112. What is the highest common divisor of d and 32?
32
Let p(i) = i**3 + 23*i**2 + 41*i - 3. Let g be p(-21). Calculate the greatest common divisor of 2 and g.
2
Suppose -5*h + 2*u - 16 = 19, -u = -3*h - 20. Let z = h - -7. Suppose -2*s = 0, -v + z*v = -3*s + 18. Calculate the highest common factor of 6 and v.
6
Suppose 3*l + 5*g = 63, -3*g + 3 = -2*l + 26. What is the greatest common divisor of l and 24?
8
Suppose 9*n - 760 - 1175 = 0. Calculate the highest common factor of n and 43.
43
Let a = 183 - 15. Let p = 41 + -20. Calculate the greatest common factor of a and p.
21
Let x = 17 + -4. What is the highest common divisor of x and 65?
13
Suppose 2*z + 2*z = 4*p - 48, 2*p = z + 21. Let i = 7 - -4. Let w = i - 2. Calculate the highest common factor of p and w.
9
Suppose 105 = -2*p + 7*p. Suppose 45 = 5*k - 3*j, -5*k + 4*j + j = -45. Let h be k - (-3 + (6 - 1)). What is the highest common divisor of h and p?
7
Let a(n) = -23*n - 4. Let k be 3 - (36/2)/3. Let d be a(k). Calculate the greatest common divisor of 13 and d.
13
Let i be (-3)/((-6)/8)*2. What is the greatest common divisor of i and 64?
8
Let k(z) = 4*z**2 + z + 5. Let b be k(-4). Suppose b = 5*i - 175. Calculate the greatest common divisor of i and 6.
6
Suppose 4*o = 450 + 18. What is the greatest common divisor of 13 and o?
13
Let o(m) = -m + 17. Let p be o(9). What is the greatest common factor of p and 1?
1
Suppose 6*r + 8 = -22. Let t = 8 - r. What is the highest common factor of 91 and t?
13
Let x = -19 + 7. Let a = 0 - x. Calculate the greatest common factor of 12 and a.
12
Let g(a) = a**2 + 2. Let s be g(-4). Suppose 0 = -3*d + 2*d + 4. Suppose 3*x - 15 = -3*b, -12 + d = 2*x. What is the highest common divisor of b and s?
9
Let h be 12*((-27)/(-4) + 1). Suppose f - 5 = 0, -x + 0*f - f + 36 = 0. What is the greatest common factor of x and h?
31
Let h be 680/18 - (-2)/9. Let n = 28 - 54. Let p = n + h. What is the greatest common factor of 8 and p?
4
Let r(k) = -k - 7. Let g be r(-7). Let n = -33 - -53. Suppose g + n = 4*c. What is the greatest common factor of 35 and c?
5
Suppose 5*p = -0*p + 520. What is the highest common divisor of p and 13?
13
Suppose 5*c - 16 = 9. Suppose 5*u - f - 109 = 0, 3*u = 4*u - c*f - 17. Let m = u - 0. Calculate the highest common factor of 2 and m.
2
Let r(j) = -j**2 - 7*j. Let h be r(-3). Suppose -6*d + 2*d + h = 0. Calculate the greatest common factor of 3 and d.
3
Suppose -4*m = -2*m - 688. Let x be 26/39 - 1304/(-6). Let o = m - x. What is the highest common divisor of o and 14?
14
Suppose -3*h - 1 = -7. Let c be -18*(46/(-4) + h). Suppose -4*p + 55 = -21. Calculate the highest common divisor of c and p.
19
Let x(v) = -v**2 - 10*v - 7. Let m be x(-5). Let r(i) = i**2 + 1. Let c be r(1). Calculate the highest common divisor of m and c.
2
Let d = 24 - 28. Let i be 3*-3*d/9. What is the highest common factor of i and 1?
1
Suppose -7*j = -403 + 25. What is the highest common factor of 486 and j?
54
Let a(w) = -w**2 + 19*w - 19. Let u be a(16). What is the greatest common factor of 261 and u?
29
Let h = 4 - 0. Calculate the greatest common factor of h and 1.
1
Suppose 3*i = 4*a - 111, a = 2*i + 29 + 5. Calculate the greatest common divisor of 168 and a.
24
Let b be ((-96)/10)/((-10)/125). Suppose 0*v + b = 5*v. Calculate the highest common factor of v and 6.
6
Let a(x) = -x**3 - 10*x**2 - 8*x - 2. Let n be a(-10). What is the greatest common factor of n and 26?
26
Suppose 6 = 2*g + g. Suppose 0 = 4*j - g - 6. Suppose 0 = s - j - 23. What is the highest common factor of s and 10?
5
Let r be (-5 - -4) + 1*6. Let d = r + -1. Suppose -4*f + 8 = d. What is the highest common factor of f and 3?
1
Let j(x) = x**2 + 10*x - 7. Let f be j(-11). Suppose f = h - 0. What is the greatest common divisor of 28 and h?
4
Let r be 2/4 - 5/(-2). Suppose -459 = -4*k + 5*y, -k = 2*k + r*y - 378. What is the highest common factor of k and 11?
11
Let h = 8 + 37. Suppose 2*j - 5*j + h = 0. What is the greatest common factor of 15 and j?
15
Suppose -4*i = -2*u - 74, -30 = -5*i - 3*u + 46. Suppose 0 = -t + 3*l + 47 + 35, t - 4*l - 81 = 0. What is the greatest common divisor of t and i?
17
Let n(y) = -y**3 - 4*y**2 - 2*y. Let h be n(-4). Let z = 0 + 0. Suppose -3 = -c + 5*x + 85, z = -4*c + 3*x + 352. What is the greatest common factor of c and h?
8
Let x be 1/2 - 4/8. Suppose 0 = 3*p - x*p - 135. Calculate the highest common factor of 5 and p.
5
Suppose u - 2*o - 2 - 7 = 0, 2*u - 18 = -2*o. Let f = 7 - 5. Let t = u - f. What is the greatest common factor of 7 and t?
7
Let p = 41 + -27. Suppose 0 = -2*f - 3*f + 175. Let n be f*(-4)/10*-1. Calculate the highest common divisor of n and p.
14
Let j = -8 + 4. Let h = j - -4. Suppose 0 = -h*z + z - 11. What is the greatest common factor of 77 and z?
11
Let w(m) = -m**3 + m**2 + 3*m + 3. Let p be w(-2). What is the greatest common divisor of p and 36?
9
Suppose 0 = 4*d - 20 - 0. Let z = -6 + 3. Let b = z + 8. What is the greatest common divisor of d and b?
5
Let l(b) = b**2 - 1. Let f = 7 + -11. Let h be l(f). What is the greatest common factor of h and 135?
15
Let o be -1 - (-3)/(6/4). Calculate the highest common divisor of o and 2.
1
Suppose k = -2*k - 12. Let s = k + 73. Let z = s - 9. Calculate the greatest common factor of 12 and z.
12
Let s(m) = -m**2 + 22*m - 79. Let n be s(15). What is the greatest common divisor of n and 143?
13
Let m(d) = d**2 - d + 8. Let w be m(5). What is the highest common divisor of 252 and w?
28
Suppose 0*g + 2 = g + 3*r, -4*r + 8 = 0. Let w be (-30)/g - (-4)/8. What is the greatest common divisor of 1 and w?
1
Let k = -162 + 88. Let y = -18 - k. What is the greatest common divisor of y and 7?
7
Let w(n) be the first derivative of -3*n**4/4 - n**3/3 + 5*n**2/2 + 3*n - 1. Let t be w(-3). Calculate the greatest common divisor of t and 20.
20
Let b be (-2)/6 - 794/(-6). What is the highest common factor of b and 12?
12
Let d be 1505/28 + (-1)/(-4). What is the greatest common divisor of 27 and d?
27
Let l(a) be the second derivative of -a**5/20 + 2*a**4/3 - a**3/2 - 3*a**2 + 4*a. Let h be l(7). What is the highest common divisor of h and 22?
22
Let v be -30*(2 + (-64)/6). Let j be v*(0 + (-4)/(-10)). Suppose -9*o - 47 = -281. Calculate the greatest common divisor of j and o.
26
Suppose 4 + 12 = 2*b. Suppose -4*d = d - 160. Calculate the greatest common divisor of d and b.
8
Suppose 15 = 5*g - 5*i, -2*g = -4*g - 5*i + 41. Suppose 2*z - g = -0*z. Calculate the greatest common divisor of z and 44.
4
Suppose -b + 3*m = -29, 0 = -3*b - m + 72 + 25. Let s be 48 + 4/(-8)*0. Calculate the greatest common divisor of b and s.
16
Let s be 0 + 55 + -5 + 1. What is the highest common divisor of s and 34?
17
Suppose 0 = 4*o + 3*k - 137, 2*k + 2 = -0. What is the highest common divisor of 5 and o?
5
Let b(f) = 16*f - 1. Let j be b(2). Suppose 2*o - 33 = 3*l, j = 2*o - 0*l - l. Let t = -17 - -23. Calculate the highest common divisor of o and t.
3
Suppose 3*m = -4*y - 400, -79 - 52 = m - y. Let g = 257 + m. Calculate the highest common divisor of g and 25.
25
Let g(n) = n + 12. Let q be g(-12). Suppose q = 4*l + 127 - 487. What is the highest common divisor of 10 and l?
10
Let c(s) = s**3 + 6*s**2 - 2*s + 1. Let f be c(-6). Calculate the highest common factor of f and 104.
13
Let f(n) = -26*n + 2. Let d be f(-3). What is the greatest common factor of 10 and d?
10
Let w(f) = 3*f + 3. Let o be w(3). Let v(y) = -y**2 - 6*y + 7. Let x be v(-5). Calculate the highest common divisor of o and x.
12
Let t(d) = 2*d - 8. Let z be t(8). What is the highest common factor of z and 2?
2
Suppose -1595 + 461 = -6*u. Calculate the greatest common divisor of u and 21.
21
Let h = 38 + -32. What is the greatest common divisor of h and 54?
6
Let g = 219 - 124. Let d be 4/5*(-15)/2. Let t be 460/12 - (-2)/d. What is the highest common divisor of g and t?
19
Let r(t) be the second derivative of -t**3/3 - 5*t**2 - 4*t. Let f be r(-7). Calculate the highest common divisor of f and 4.
4
Let k(i) be the third derivative of -i**5/60 + 3*i**